{"id":1183,"date":"2016-03-18T06:13:33","date_gmt":"2016-03-18T06:13:33","guid":{"rendered":"http:\/\/demos.famethemes.com\/onepress\/cart\/"},"modified":"2024-03-04T16:06:58","modified_gmt":"2024-03-04T15:06:58","slug":"berufliches-coaching","status":"publish","type":"page","link":"https:\/\/schoenberger-coaching.de\/home\/berufliches-coaching\/","title":{"rendered":"Berufliches Coaching"},"content":{"rendered":"<h2><span style=\"color: #993300;\">Berufliches Coaching\u00a0<\/span><\/h2>\n<ul>\n<li><span style=\"font-size: 12pt; color: #000000;\"><b>bei Burn out oder Burn-Out-Gefahr<\/b><\/span><\/li>\n<\/ul>\n<ul>\n<li><span style=\"font-size: 12pt; color: #000000;\"><b>bei gravierenden Entscheidungen\u00a0<\/b><\/span><\/li>\n<\/ul>\n<ul>\n<li><span style=\"font-size: 12pt; color: #000000;\"><span style=\"font-size: 12pt; color: #000000;\"><b>oder in Bewerbungsphasen<\/b><\/span><\/span><\/li>\n<\/ul>\n<p><span style=\"color: #000000; font-size: 12pt;\"><b>M\u00f6gliche Coaching-Themen:<\/b><\/span><br \/>\n<span style=\"color: #000000; font-size: 12pt;\">\u2022 Ich bin nicht mehr zufrieden, aber was jetzt? Soll ich wechseln?<\/span><br \/>\n<span style=\"color: #000000; font-size: 12pt;\">\u2022 Ich m\u00f6chte mich besser durchsetzen, aber ich schaffe es nicht.<\/span><br \/>\n<span style=\"color: #000000; font-size: 12pt;\">\u2022 Wie steige ich nach l\u00e4ngerer Auszeit wieder ein?<\/span><br \/>\n<span style=\"color: #000000; font-size: 12pt;\">\u2022 Ich kann nicht mehr so weitermachen, aber Nein-Sagen kann ich auch nicht.<\/span><br \/>\n<span style=\"color: #000000; font-size: 12pt;\">\u2022 Ich suchen eine T\u00e4tigkeit, einen Beruf, der\u00a0mich erf\u00fcllt.<\/span><br \/>\n<span style=\"color: #000000; font-size: 12pt;\">\u2022 Ich \u00fcberlege eine Leitungsstelle anzustreben. Meine Selbstzweifel sind jedoch gro\u00df.<\/span><br \/>\n<span style=\"color: #000000; font-size: 12pt;\">\u2022 Ich plane den Wiedereinstieg in den Beruf, aber ich habe keinen Plan.<\/span><br \/>\n<span style=\"color: #000000; font-size: 12pt;\">\u2022 Ich m\u00f6chte aussteigen und etwas ganz anderes beginnen, aber ich traue mich nicht.<\/span><br \/>\n<span style=\"color: #000000; font-size: 12pt;\">\u2022 &#8230;<\/span><\/p>\n<p><span style=\"color: #000000; font-size: 12pt;\">Mit verschieden Fragetechniken, Methoden, Analysen und \u00dcbungen, bearbeiten wir Ihre Anliegen und Ziele.<\/span><\/p>\n<p><span style=\"color: #000000; font-size: 12pt;\"><b>Bewerbungen und Bewerbungstraining<br \/>\n<\/b>\u2022 Wie schreibt man heutzutage eine Bewerbung?\u00a0Wie verhalte ich mich im Vorstellungsgespr\u00e4ch?<\/span><br \/>\n<span style=\"color: #000000; font-size: 12pt;\"><b>Gerne unterst\u00fctze ich Sie beim Schreiben und beim Training f\u00fcr das Vorstellungsgespr\u00e4ch.<\/b><\/span><\/p>\n","protected":false},"excerpt":{"rendered":"<p>Berufliches Coaching\u00a0 bei Burn out oder Burn-Out-Gefahr bei gravierenden Entscheidungen\u00a0 oder in Bewerbungsphasen M\u00f6gliche Coaching-Themen: \u2022 Ich bin nicht mehr zufrieden, aber was jetzt? Soll ich wechseln? \u2022 Ich m\u00f6chte &#8230;<\/p>\n","protected":false},"author":2,"featured_media":0,"parent":0,"menu_order":0,"comment_status":"closed","ping_status":"closed","template":"","meta":{"footnotes":""},"class_list":["post-1183","page","type-page","status-publish","hentry"],"yoast_head":"<!-- This site is optimized with the Yoast SEO plugin v27.5 - https:\/\/yoast.com\/product\/yoast-seo-wordpress\/ -->\n<title>Berufliches Coaching - Coachingpraxis Kristina Sch\u00f6nberger<\/title>\n<meta name=\"description\" content=\"Business Coaching ist die l\u00f6sungs- und zielorientierte Begleitung von Menschen im beruflichen Umfeld. Im individuellen Austausch st\u00e4rken Sie Ihre Orientierung, Ihre pers\u00f6nlichen Ressourcen und Ihre Entscheidungsfindung.\" \/>\n<meta name=\"robots\" content=\"index, follow, max-snippet:-1, max-image-preview:large, max-video-preview:-1\" \/>\n<link rel=\"canonical\" href=\"https:\/\/schoenberger-coaching.de\/home\/berufliches-coaching\/\" \/>\n<meta property=\"og:locale\" content=\"de_DE\" \/>\n<meta property=\"og:type\" content=\"article\" \/>\n<meta property=\"og:title\" content=\"Berufliches Coaching - Coachingpraxis Kristina Sch\u00f6nberger\" \/>\n<meta property=\"og:description\" content=\"Business Coaching ist die l\u00f6sungs- und zielorientierte Begleitung von Menschen im beruflichen Umfeld. Im individuellen Austausch st\u00e4rken Sie Ihre Orientierung, Ihre pers\u00f6nlichen Ressourcen und Ihre Entscheidungsfindung.\" \/>\n<meta property=\"og:url\" content=\"https:\/\/schoenberger-coaching.de\/home\/berufliches-coaching\/\" \/>\n<meta property=\"og:site_name\" content=\"Coachingpraxis Kristina Sch\u00f6nberger\" \/>\n<meta property=\"article:modified_time\" content=\"2024-03-04T15:06:58+00:00\" \/>\n<meta name=\"twitter:card\" content=\"summary_large_image\" \/>\n<meta name=\"twitter:label1\" content=\"Gesch\u00e4tzte Lesezeit\" \/>\n\t<meta name=\"twitter:data1\" content=\"1\u00a0Minute\" \/>\n<script type=\"application\/ld+json\" class=\"yoast-schema-graph\">{\"@context\":\"https:\\\/\\\/schema.org\",\"@graph\":[{\"@type\":\"WebPage\",\"@id\":\"https:\\\/\\\/schoenberger-coaching.de\\\/home\\\/berufliches-coaching\\\/\",\"url\":\"https:\\\/\\\/schoenberger-coaching.de\\\/home\\\/berufliches-coaching\\\/\",\"name\":\"Berufliches Coaching - Coachingpraxis Kristina Sch\u00f6nberger\",\"isPartOf\":{\"@id\":\"https:\\\/\\\/schoenberger-coaching.de\\\/home\\\/#website\"},\"datePublished\":\"2016-03-18T06:13:33+00:00\",\"dateModified\":\"2024-03-04T15:06:58+00:00\",\"description\":\"Business Coaching ist die l\u00f6sungs- und zielorientierte Begleitung von Menschen im beruflichen Umfeld. Im individuellen Austausch st\u00e4rken Sie Ihre Orientierung, Ihre pers\u00f6nlichen Ressourcen und Ihre Entscheidungsfindung.\",\"breadcrumb\":{\"@id\":\"https:\\\/\\\/schoenberger-coaching.de\\\/home\\\/berufliches-coaching\\\/#breadcrumb\"},\"inLanguage\":\"de\",\"potentialAction\":[{\"@type\":\"ReadAction\",\"target\":[\"https:\\\/\\\/schoenberger-coaching.de\\\/home\\\/berufliches-coaching\\\/\"]}]},{\"@type\":\"BreadcrumbList\",\"@id\":\"https:\\\/\\\/schoenberger-coaching.de\\\/home\\\/berufliches-coaching\\\/#breadcrumb\",\"itemListElement\":[{\"@type\":\"ListItem\",\"position\":1,\"name\":\"Startseite\",\"item\":\"https:\\\/\\\/schoenberger-coaching.de\\\/home\\\/\"},{\"@type\":\"ListItem\",\"position\":2,\"name\":\"Berufliches Coaching\"}]},{\"@type\":\"WebSite\",\"@id\":\"https:\\\/\\\/schoenberger-coaching.de\\\/home\\\/#website\",\"url\":\"https:\\\/\\\/schoenberger-coaching.de\\\/home\\\/\",\"name\":\"Coachingpraxis Kristina Sch\u00f6nberger\",\"description\":\"Coaching, Paarberatung, Mediation, Seminare\",\"publisher\":{\"@id\":\"https:\\\/\\\/schoenberger-coaching.de\\\/home\\\/#\\\/schema\\\/person\\\/5ec18b20c82f996a5877e34b61131e53\"},\"potentialAction\":[{\"@type\":\"SearchAction\",\"target\":{\"@type\":\"EntryPoint\",\"urlTemplate\":\"https:\\\/\\\/schoenberger-coaching.de\\\/home\\\/?s={search_term_string}\"},\"query-input\":{\"@type\":\"PropertyValueSpecification\",\"valueRequired\":true,\"valueName\":\"search_term_string\"}}],\"inLanguage\":\"de\"},{\"@type\":[\"Person\",\"Organization\"],\"@id\":\"https:\\\/\\\/schoenberger-coaching.de\\\/home\\\/#\\\/schema\\\/person\\\/5ec18b20c82f996a5877e34b61131e53\",\"name\":\"Schoenberger\",\"image\":{\"@type\":\"ImageObject\",\"inLanguage\":\"de\",\"@id\":\"https:\\\/\\\/schoenberger-coaching.de\\\/wp-content\\\/uploads\\\/2020\\\/06\\\/logo_neu_coaching-e1593607998877.jpg\",\"url\":\"https:\\\/\\\/schoenberger-coaching.de\\\/wp-content\\\/uploads\\\/2020\\\/06\\\/logo_neu_coaching-e1593607998877.jpg\",\"contentUrl\":\"https:\\\/\\\/schoenberger-coaching.de\\\/wp-content\\\/uploads\\\/2020\\\/06\\\/logo_neu_coaching-e1593607998877.jpg\",\"width\":300,\"height\":89,\"caption\":\"Schoenberger\"},\"logo\":{\"@id\":\"https:\\\/\\\/schoenberger-coaching.de\\\/wp-content\\\/uploads\\\/2020\\\/06\\\/logo_neu_coaching-e1593607998877.jpg\"}}]}<\/script>\n<!-- \/ Yoast SEO plugin. -->","yoast_head_json":{"title":"Berufliches Coaching - Coachingpraxis Kristina Sch\u00f6nberger","description":"Business Coaching ist die l\u00f6sungs- und zielorientierte Begleitung von Menschen im beruflichen Umfeld. Im individuellen Austausch st\u00e4rken Sie Ihre Orientierung, Ihre pers\u00f6nlichen Ressourcen und Ihre Entscheidungsfindung.","robots":{"index":"index","follow":"follow","max-snippet":"max-snippet:-1","max-image-preview":"max-image-preview:large","max-video-preview":"max-video-preview:-1"},"canonical":"https:\/\/schoenberger-coaching.de\/home\/berufliches-coaching\/","og_locale":"de_DE","og_type":"article","og_title":"Berufliches Coaching - Coachingpraxis Kristina Sch\u00f6nberger","og_description":"Business Coaching ist die l\u00f6sungs- und zielorientierte Begleitung von Menschen im beruflichen Umfeld. Im individuellen Austausch st\u00e4rken Sie Ihre Orientierung, Ihre pers\u00f6nlichen Ressourcen und Ihre Entscheidungsfindung.","og_url":"https:\/\/schoenberger-coaching.de\/home\/berufliches-coaching\/","og_site_name":"Coachingpraxis Kristina Sch\u00f6nberger","article_modified_time":"2024-03-04T15:06:58+00:00","twitter_card":"summary_large_image","twitter_misc":{"Gesch\u00e4tzte Lesezeit":"1\u00a0Minute"},"schema":{"@context":"https:\/\/schema.org","@graph":[{"@type":"WebPage","@id":"https:\/\/schoenberger-coaching.de\/home\/berufliches-coaching\/","url":"https:\/\/schoenberger-coaching.de\/home\/berufliches-coaching\/","name":"Berufliches Coaching - Coachingpraxis Kristina Sch\u00f6nberger","isPartOf":{"@id":"https:\/\/schoenberger-coaching.de\/home\/#website"},"datePublished":"2016-03-18T06:13:33+00:00","dateModified":"2024-03-04T15:06:58+00:00","description":"Business Coaching ist die l\u00f6sungs- und zielorientierte Begleitung von Menschen im beruflichen Umfeld. Im individuellen Austausch st\u00e4rken Sie Ihre Orientierung, Ihre pers\u00f6nlichen Ressourcen und Ihre Entscheidungsfindung.","breadcrumb":{"@id":"https:\/\/schoenberger-coaching.de\/home\/berufliches-coaching\/#breadcrumb"},"inLanguage":"de","potentialAction":[{"@type":"ReadAction","target":["https:\/\/schoenberger-coaching.de\/home\/berufliches-coaching\/"]}]},{"@type":"BreadcrumbList","@id":"https:\/\/schoenberger-coaching.de\/home\/berufliches-coaching\/#breadcrumb","itemListElement":[{"@type":"ListItem","position":1,"name":"Startseite","item":"https:\/\/schoenberger-coaching.de\/home\/"},{"@type":"ListItem","position":2,"name":"Berufliches Coaching"}]},{"@type":"WebSite","@id":"https:\/\/schoenberger-coaching.de\/home\/#website","url":"https:\/\/schoenberger-coaching.de\/home\/","name":"Coachingpraxis Kristina Sch\u00f6nberger","description":"Coaching, Paarberatung, Mediation, Seminare","publisher":{"@id":"https:\/\/schoenberger-coaching.de\/home\/#\/schema\/person\/5ec18b20c82f996a5877e34b61131e53"},"potentialAction":[{"@type":"SearchAction","target":{"@type":"EntryPoint","urlTemplate":"https:\/\/schoenberger-coaching.de\/home\/?s={search_term_string}"},"query-input":{"@type":"PropertyValueSpecification","valueRequired":true,"valueName":"search_term_string"}}],"inLanguage":"de"},{"@type":["Person","Organization"],"@id":"https:\/\/schoenberger-coaching.de\/home\/#\/schema\/person\/5ec18b20c82f996a5877e34b61131e53","name":"Schoenberger","image":{"@type":"ImageObject","inLanguage":"de","@id":"https:\/\/schoenberger-coaching.de\/wp-content\/uploads\/2020\/06\/logo_neu_coaching-e1593607998877.jpg","url":"https:\/\/schoenberger-coaching.de\/wp-content\/uploads\/2020\/06\/logo_neu_coaching-e1593607998877.jpg","contentUrl":"https:\/\/schoenberger-coaching.de\/wp-content\/uploads\/2020\/06\/logo_neu_coaching-e1593607998877.jpg","width":300,"height":89,"caption":"Schoenberger"},"logo":{"@id":"https:\/\/schoenberger-coaching.de\/wp-content\/uploads\/2020\/06\/logo_neu_coaching-e1593607998877.jpg"}}]}},"_links":{"self":[{"href":"https:\/\/schoenberger-coaching.de\/home\/wp-json\/wp\/v2\/pages\/1183","targetHints":{"allow":["GET"]}}],"collection":[{"href":"https:\/\/schoenberger-coaching.de\/home\/wp-json\/wp\/v2\/pages"}],"about":[{"href":"https:\/\/schoenberger-coaching.de\/home\/wp-json\/wp\/v2\/types\/page"}],"author":[{"embeddable":true,"href":"https:\/\/schoenberger-coaching.de\/home\/wp-json\/wp\/v2\/users\/2"}],"replies":[{"embeddable":true,"href":"https:\/\/schoenberger-coaching.de\/home\/wp-json\/wp\/v2\/comments?post=1183"}],"version-history":[{"count":26,"href":"https:\/\/schoenberger-coaching.de\/home\/wp-json\/wp\/v2\/pages\/1183\/revisions"}],"predecessor-version":[{"id":2167,"href":"https:\/\/schoenberger-coaching.de\/home\/wp-json\/wp\/v2\/pages\/1183\/revisions\/2167"}],"wp:attachment":[{"href":"https:\/\/schoenberger-coaching.de\/home\/wp-json\/wp\/v2\/media?parent=1183"}],"curies":[{"name":"wp","href":"https:\/\/api.w.org\/{rel}","templated":true}]}}