{"id":1740,"date":"2020-04-15T17:23:02","date_gmt":"2020-04-15T15:23:02","guid":{"rendered":"http:\/\/schoenberger-coaching.de\/home\/?page_id=1740"},"modified":"2022-01-24T13:09:24","modified_gmt":"2022-01-24T12:09:24","slug":"seminare-und-workshops_privat","status":"publish","type":"page","link":"https:\/\/schoenberger-coaching.de\/home\/seminare-und-workshops_privat\/","title":{"rendered":"Trainings"},"content":{"rendered":"<div id=\"element-ce_23056801f558ff526cdd94723897f589297f3cc8b75868cab016cd88da2de3c6\" class=\"fc-image-collapse-violet fc-image-collapse-with-image curo-element element-imagecollapse\">\n<div class=\"fc-ic-content\">\n<div id=\"element-ce_b0e56091297a10de0f83200c92fd1e745becf156059f54b39ecb6f2f04bc6386\" class=\"curo-element-text curo-element curo-element-text\">\n<h2><span style=\"font-size: 24pt; color: #993300;\">Trainings f\u00fcr Einzelne, Paare und Gruppen<\/span><\/h2>\n<p><span style=\"font-size: 12pt; color: #000000;\"><strong>Ein Kommunikationstraining macht in jeder Lebensphase Sinn, Konflikte gibt es immer, Stress und psychische Belastungen nehmen zu<br \/>\n<\/strong><br \/>\nManchmal hilft schon ein Vortrag, ein Seminar oder ein Kurs weiter, Verhalten oder Einstellungen zu \u00e4ndern. Ich unterst\u00fctze Sie darin, ihre Themen und Fragen zeitnah zu kl\u00e4ren, und gut und effektiv mit psychischen Belastungen umgehen zu k\u00f6nnen.<\/span><\/p>\n<\/div>\n<\/div>\n<\/div>\n<p><span style=\"font-size: 12pt; color: #000000;\"><strong>Stressbew\u00e4ltigung und Entspannung<\/strong><\/span><\/p>\n<ul>\n<li><span style=\"font-size: 12pt; color: #000000;\">Umgang mit Stress\/Stressbew\u00e4ltigung\/Resilienz<\/span><\/li>\n<li><span class=\"tadv-color\" style=\"font-size: 12pt; color: #000000;\">Entspannungstherapie f\u00fcr Einzelne und Gruppen (Autogenes Training und Progressive Muskelrelaxation nach Jacobsen)<\/span><\/li>\n<\/ul>\n<p><span style=\"font-size: 12pt; color: #000000;\"><strong>Kommunikationstraining und Training zur Konfliktbew\u00e4ltigung<\/strong><\/span><\/p>\n<ul>\n<li><span class=\"tadv-color\" style=\"font-size: 12pt; color: #000000;\">Kommunikationstraining: (Kommunikationsgrundlagen, verschiedene Kommunikations-Modelle: Watzlawik: Man kann nicht nicht kommunizieren;\u00a0 Schulz von Thun: Das Kommunikationsquadrat; Thomas Gordon: Aktives Zuh\u00f6ren, Transaktionsanalyse, Konfliktgespr\u00e4che\/Eskalation\/Deeskalation, Mediation)<\/span><\/li>\n<li><span style=\"font-size: 12pt; color: #000000;\">Seminare\/Vortr\u00e4ge zu den Themen Stress\/Stressbew\u00e4ltigung\/Resilienz, Entspannung, Work-Life-Balance<\/span><\/li>\n<\/ul>\n<p><span style=\"font-size: 12pt; color: #000000;\">Bitte kontaktieren Sie mich, wenn mein Angebot Sie interessiert. Gerne passe ich meine Leistungen an Ihren speziellen Bedarf an.<\/span><\/p>\n","protected":false},"excerpt":{"rendered":"<p>Trainings f\u00fcr Einzelne, Paare und Gruppen Ein Kommunikationstraining macht in jeder Lebensphase Sinn, Konflikte gibt es immer, Stress und psychische Belastungen nehmen zu Manchmal hilft schon ein Vortrag, ein Seminar &#8230;<\/p>\n","protected":false},"author":1,"featured_media":0,"parent":0,"menu_order":0,"comment_status":"closed","ping_status":"closed","template":"","meta":{"footnotes":""},"class_list":["post-1740","page","type-page","status-publish","hentry"],"yoast_head":"<!-- This site is optimized with the Yoast SEO plugin v27.5 - https:\/\/yoast.com\/product\/yoast-seo-wordpress\/ -->\n<title>Trainings - Coachingpraxis Kristina Sch\u00f6nberger<\/title>\n<meta name=\"robots\" content=\"index, follow, max-snippet:-1, max-image-preview:large, max-video-preview:-1\" \/>\n<link rel=\"canonical\" href=\"https:\/\/schoenberger-coaching.de\/home\/seminare-und-workshops_privat\/\" \/>\n<meta property=\"og:locale\" content=\"de_DE\" \/>\n<meta property=\"og:type\" content=\"article\" \/>\n<meta property=\"og:title\" content=\"Trainings - Coachingpraxis Kristina Sch\u00f6nberger\" \/>\n<meta property=\"og:description\" content=\"Trainings f\u00fcr Einzelne, Paare und Gruppen Ein Kommunikationstraining macht in jeder Lebensphase Sinn, Konflikte gibt es immer, Stress und psychische Belastungen nehmen zu Manchmal hilft schon ein Vortrag, ein Seminar ...\" \/>\n<meta property=\"og:url\" content=\"https:\/\/schoenberger-coaching.de\/home\/seminare-und-workshops_privat\/\" \/>\n<meta property=\"og:site_name\" content=\"Coachingpraxis Kristina Sch\u00f6nberger\" \/>\n<meta property=\"article:modified_time\" content=\"2022-01-24T12:09:24+00:00\" \/>\n<meta name=\"twitter:card\" content=\"summary_large_image\" \/>\n<meta name=\"twitter:label1\" content=\"Gesch\u00e4tzte Lesezeit\" \/>\n\t<meta name=\"twitter:data1\" content=\"1\u00a0Minute\" \/>\n<script type=\"application\/ld+json\" class=\"yoast-schema-graph\">{\"@context\":\"https:\\\/\\\/schema.org\",\"@graph\":[{\"@type\":\"WebPage\",\"@id\":\"https:\\\/\\\/schoenberger-coaching.de\\\/home\\\/seminare-und-workshops_privat\\\/\",\"url\":\"https:\\\/\\\/schoenberger-coaching.de\\\/home\\\/seminare-und-workshops_privat\\\/\",\"name\":\"Trainings - Coachingpraxis Kristina Sch\u00f6nberger\",\"isPartOf\":{\"@id\":\"https:\\\/\\\/schoenberger-coaching.de\\\/home\\\/#website\"},\"datePublished\":\"2020-04-15T15:23:02+00:00\",\"dateModified\":\"2022-01-24T12:09:24+00:00\",\"breadcrumb\":{\"@id\":\"https:\\\/\\\/schoenberger-coaching.de\\\/home\\\/seminare-und-workshops_privat\\\/#breadcrumb\"},\"inLanguage\":\"de\",\"potentialAction\":[{\"@type\":\"ReadAction\",\"target\":[\"https:\\\/\\\/schoenberger-coaching.de\\\/home\\\/seminare-und-workshops_privat\\\/\"]}]},{\"@type\":\"BreadcrumbList\",\"@id\":\"https:\\\/\\\/schoenberger-coaching.de\\\/home\\\/seminare-und-workshops_privat\\\/#breadcrumb\",\"itemListElement\":[{\"@type\":\"ListItem\",\"position\":1,\"name\":\"Startseite\",\"item\":\"https:\\\/\\\/schoenberger-coaching.de\\\/home\\\/\"},{\"@type\":\"ListItem\",\"position\":2,\"name\":\"Trainings\"}]},{\"@type\":\"WebSite\",\"@id\":\"https:\\\/\\\/schoenberger-coaching.de\\\/home\\\/#website\",\"url\":\"https:\\\/\\\/schoenberger-coaching.de\\\/home\\\/\",\"name\":\"Coachingpraxis Kristina Sch\u00f6nberger\",\"description\":\"Coaching, Paarberatung, Mediation, Seminare\",\"publisher\":{\"@id\":\"https:\\\/\\\/schoenberger-coaching.de\\\/home\\\/#\\\/schema\\\/person\\\/5ec18b20c82f996a5877e34b61131e53\"},\"potentialAction\":[{\"@type\":\"SearchAction\",\"target\":{\"@type\":\"EntryPoint\",\"urlTemplate\":\"https:\\\/\\\/schoenberger-coaching.de\\\/home\\\/?s={search_term_string}\"},\"query-input\":{\"@type\":\"PropertyValueSpecification\",\"valueRequired\":true,\"valueName\":\"search_term_string\"}}],\"inLanguage\":\"de\"},{\"@type\":[\"Person\",\"Organization\"],\"@id\":\"https:\\\/\\\/schoenberger-coaching.de\\\/home\\\/#\\\/schema\\\/person\\\/5ec18b20c82f996a5877e34b61131e53\",\"name\":\"Schoenberger\",\"image\":{\"@type\":\"ImageObject\",\"inLanguage\":\"de\",\"@id\":\"https:\\\/\\\/schoenberger-coaching.de\\\/wp-content\\\/uploads\\\/2020\\\/06\\\/logo_neu_coaching-e1593607998877.jpg\",\"url\":\"https:\\\/\\\/schoenberger-coaching.de\\\/wp-content\\\/uploads\\\/2020\\\/06\\\/logo_neu_coaching-e1593607998877.jpg\",\"contentUrl\":\"https:\\\/\\\/schoenberger-coaching.de\\\/wp-content\\\/uploads\\\/2020\\\/06\\\/logo_neu_coaching-e1593607998877.jpg\",\"width\":300,\"height\":89,\"caption\":\"Schoenberger\"},\"logo\":{\"@id\":\"https:\\\/\\\/schoenberger-coaching.de\\\/wp-content\\\/uploads\\\/2020\\\/06\\\/logo_neu_coaching-e1593607998877.jpg\"}}]}<\/script>\n<!-- \/ Yoast SEO plugin. -->","yoast_head_json":{"title":"Trainings - Coachingpraxis Kristina Sch\u00f6nberger","robots":{"index":"index","follow":"follow","max-snippet":"max-snippet:-1","max-image-preview":"max-image-preview:large","max-video-preview":"max-video-preview:-1"},"canonical":"https:\/\/schoenberger-coaching.de\/home\/seminare-und-workshops_privat\/","og_locale":"de_DE","og_type":"article","og_title":"Trainings - Coachingpraxis Kristina Sch\u00f6nberger","og_description":"Trainings f\u00fcr Einzelne, Paare und Gruppen Ein Kommunikationstraining macht in jeder Lebensphase Sinn, Konflikte gibt es immer, Stress und psychische Belastungen nehmen zu Manchmal hilft schon ein Vortrag, ein Seminar ...","og_url":"https:\/\/schoenberger-coaching.de\/home\/seminare-und-workshops_privat\/","og_site_name":"Coachingpraxis Kristina Sch\u00f6nberger","article_modified_time":"2022-01-24T12:09:24+00:00","twitter_card":"summary_large_image","twitter_misc":{"Gesch\u00e4tzte Lesezeit":"1\u00a0Minute"},"schema":{"@context":"https:\/\/schema.org","@graph":[{"@type":"WebPage","@id":"https:\/\/schoenberger-coaching.de\/home\/seminare-und-workshops_privat\/","url":"https:\/\/schoenberger-coaching.de\/home\/seminare-und-workshops_privat\/","name":"Trainings - Coachingpraxis Kristina Sch\u00f6nberger","isPartOf":{"@id":"https:\/\/schoenberger-coaching.de\/home\/#website"},"datePublished":"2020-04-15T15:23:02+00:00","dateModified":"2022-01-24T12:09:24+00:00","breadcrumb":{"@id":"https:\/\/schoenberger-coaching.de\/home\/seminare-und-workshops_privat\/#breadcrumb"},"inLanguage":"de","potentialAction":[{"@type":"ReadAction","target":["https:\/\/schoenberger-coaching.de\/home\/seminare-und-workshops_privat\/"]}]},{"@type":"BreadcrumbList","@id":"https:\/\/schoenberger-coaching.de\/home\/seminare-und-workshops_privat\/#breadcrumb","itemListElement":[{"@type":"ListItem","position":1,"name":"Startseite","item":"https:\/\/schoenberger-coaching.de\/home\/"},{"@type":"ListItem","position":2,"name":"Trainings"}]},{"@type":"WebSite","@id":"https:\/\/schoenberger-coaching.de\/home\/#website","url":"https:\/\/schoenberger-coaching.de\/home\/","name":"Coachingpraxis Kristina Sch\u00f6nberger","description":"Coaching, Paarberatung, Mediation, Seminare","publisher":{"@id":"https:\/\/schoenberger-coaching.de\/home\/#\/schema\/person\/5ec18b20c82f996a5877e34b61131e53"},"potentialAction":[{"@type":"SearchAction","target":{"@type":"EntryPoint","urlTemplate":"https:\/\/schoenberger-coaching.de\/home\/?s={search_term_string}"},"query-input":{"@type":"PropertyValueSpecification","valueRequired":true,"valueName":"search_term_string"}}],"inLanguage":"de"},{"@type":["Person","Organization"],"@id":"https:\/\/schoenberger-coaching.de\/home\/#\/schema\/person\/5ec18b20c82f996a5877e34b61131e53","name":"Schoenberger","image":{"@type":"ImageObject","inLanguage":"de","@id":"https:\/\/schoenberger-coaching.de\/wp-content\/uploads\/2020\/06\/logo_neu_coaching-e1593607998877.jpg","url":"https:\/\/schoenberger-coaching.de\/wp-content\/uploads\/2020\/06\/logo_neu_coaching-e1593607998877.jpg","contentUrl":"https:\/\/schoenberger-coaching.de\/wp-content\/uploads\/2020\/06\/logo_neu_coaching-e1593607998877.jpg","width":300,"height":89,"caption":"Schoenberger"},"logo":{"@id":"https:\/\/schoenberger-coaching.de\/wp-content\/uploads\/2020\/06\/logo_neu_coaching-e1593607998877.jpg"}}]}},"_links":{"self":[{"href":"https:\/\/schoenberger-coaching.de\/home\/wp-json\/wp\/v2\/pages\/1740","targetHints":{"allow":["GET"]}}],"collection":[{"href":"https:\/\/schoenberger-coaching.de\/home\/wp-json\/wp\/v2\/pages"}],"about":[{"href":"https:\/\/schoenberger-coaching.de\/home\/wp-json\/wp\/v2\/types\/page"}],"author":[{"embeddable":true,"href":"https:\/\/schoenberger-coaching.de\/home\/wp-json\/wp\/v2\/users\/1"}],"replies":[{"embeddable":true,"href":"https:\/\/schoenberger-coaching.de\/home\/wp-json\/wp\/v2\/comments?post=1740"}],"version-history":[{"count":17,"href":"https:\/\/schoenberger-coaching.de\/home\/wp-json\/wp\/v2\/pages\/1740\/revisions"}],"predecessor-version":[{"id":2161,"href":"https:\/\/schoenberger-coaching.de\/home\/wp-json\/wp\/v2\/pages\/1740\/revisions\/2161"}],"wp:attachment":[{"href":"https:\/\/schoenberger-coaching.de\/home\/wp-json\/wp\/v2\/media?parent=1740"}],"curies":[{"name":"wp","href":"https:\/\/api.w.org\/{rel}","templated":true}]}}