{"id":2186,"date":"2022-01-24T14:14:37","date_gmt":"2022-01-24T13:14:37","guid":{"rendered":"https:\/\/schoenberger-coaching.de\/home\/?page_id=2186"},"modified":"2022-01-24T14:16:04","modified_gmt":"2022-01-24T13:16:04","slug":"mediation-bei-konflikten","status":"publish","type":"page","link":"https:\/\/schoenberger-coaching.de\/home\/mediation-bei-konflikten\/","title":{"rendered":"Mediation"},"content":{"rendered":"<h2><span style=\"font-size: 24pt; color: #993300;\">Mediation bei Konflikten<\/span><\/h2>\n<p><span style=\"font-size: 12pt; color: #000000;\"><strong>Mediation &#8211; eine tolle Methode zur Konfliktkl\u00e4rung und -l\u00f6sung<\/strong><\/span><\/p>\n<p><span style=\"color: #000000; font-size: 12pt;\">Konflikte sind menschlich. Die Mediation ist ein strukturiertes Verfahren, dass Sie davor bewahrt, in Konflikten gerichtliche Hilfe in Anspruch nehmen zu m\u00fcssen. Sie hat sich weltweit als eine der erfolgreichsten Methoden Bearbeitung und L\u00f6sung von Konflikten bew\u00e4hrt.<br \/>\n<\/span><br \/>\n<span style=\"color: #000000; font-size: 12pt;\">Die Mediation folgt im Wesentlichen einem strukturierten Ablauf:<\/span><br \/>\n<span style=\"color: #000000; font-size: 12pt;\">1 Auftragskl\u00e4rung<\/span><br \/>\n<span style=\"color: #000000; font-size: 12pt;\">2 Themensammlung<\/span><br \/>\n<span style=\"color: #000000; font-size: 12pt;\">3 Darstellung der Sichtweisen<\/span><br \/>\n<span style=\"color: #000000; font-size: 12pt;\">4 Kl\u00e4rung auf der Sach- und Beziehungsebene <\/span><br \/>\n<span style=\"color: #000000; font-size: 12pt;\">5 Sammlung von L\u00f6sungsideen<\/span><br \/>\n<span style=\"color: #000000; font-size: 12pt;\">6 Vereinbarungen &amp; Ergebniskontrolle <\/span><br \/>\n<span style=\"color: #000000; font-size: 12pt;\">7 Umsetzungskontrolle bei Bedarf<\/span><\/p>\n<p><span style=\"color: #000000; font-size: 12pt;\">Die Mediation versteht sich als gemeinsamer Probleml\u00f6sungsprozess. Voraussetzung ist Freiwilligkeit, die Bereitschaft zur Mitwirkung und zur Erarbeitung von fairen und verbindlichen Beschl\u00fcssen. Das lateinische Ursprungswort \u201emediare\u201c bezieht sich darauf weg von weit auseinanderliegenden Positionen wieder \u201ein die Mitte\u201c zu kommen. <\/span><\/p>\n<p><span style=\"color: #000000; font-size: 12pt;\"><strong>Mediation im Tandem mit zwei Mediatoren<\/strong> \u2013 macht Sinn, wenn Sie <\/span><br \/>\n<span style=\"color: #000000; font-size: 12pt;\">\u2022 ein ausgewogenes Verh\u00e4ltnis von Mann und Frau in der Mediation f\u00fcr wichtig halten<\/span><br \/>\n<span style=\"color: #000000; font-size: 12pt;\">\u2022 verschiedene Sichtweisen und Kompetenzen f\u00fcr ihren L\u00f6sungs-Prozess nutzen und diesen auch beschleunigen wollen.<\/span><br \/>\n<span style=\"color: #000000; font-size: 12pt;\">\u2022 f\u00fcr extrem strittige Parteien mit scheinbar nicht l\u00f6sbaren Konflikten<\/span><br \/>\n<span style=\"color: #000000; font-size: 12pt;\">\u2022 mit mehreren Parteien im Konflikt sind<\/span><br \/>\n<span style=\"color: #000000; font-size: 12pt;\">F\u00fcr Mediation im Tandem arbeite ich mit meinem erfahrenen Kollegen Andreas Fischer, Systemischer Coach und Therapeut, zusammen.<\/span><\/p>\n","protected":false},"excerpt":{"rendered":"<p>Mediation bei Konflikten Mediation &#8211; eine tolle Methode zur Konfliktkl\u00e4rung und -l\u00f6sung Konflikte sind menschlich. Die Mediation ist ein strukturiertes Verfahren, dass Sie davor bewahrt, in Konflikten gerichtliche Hilfe in &#8230;<\/p>\n","protected":false},"author":1,"featured_media":0,"parent":0,"menu_order":0,"comment_status":"closed","ping_status":"closed","template":"","meta":{"footnotes":""},"class_list":["post-2186","page","type-page","status-publish","hentry"],"yoast_head":"<!-- This site is optimized with the Yoast SEO plugin v27.5 - https:\/\/yoast.com\/product\/yoast-seo-wordpress\/ -->\n<title>Mediation - Coachingpraxis Kristina Sch\u00f6nberger<\/title>\n<meta name=\"robots\" content=\"index, follow, max-snippet:-1, max-image-preview:large, max-video-preview:-1\" \/>\n<link rel=\"canonical\" href=\"https:\/\/schoenberger-coaching.de\/home\/mediation-bei-konflikten\/\" \/>\n<meta property=\"og:locale\" content=\"de_DE\" \/>\n<meta property=\"og:type\" content=\"article\" \/>\n<meta property=\"og:title\" content=\"Mediation - Coachingpraxis Kristina Sch\u00f6nberger\" \/>\n<meta property=\"og:description\" content=\"Mediation bei Konflikten Mediation &#8211; eine tolle Methode zur Konfliktkl\u00e4rung und -l\u00f6sung Konflikte sind menschlich. Die Mediation ist ein strukturiertes Verfahren, dass Sie davor bewahrt, in Konflikten gerichtliche Hilfe in ...\" \/>\n<meta property=\"og:url\" content=\"https:\/\/schoenberger-coaching.de\/home\/mediation-bei-konflikten\/\" \/>\n<meta property=\"og:site_name\" content=\"Coachingpraxis Kristina Sch\u00f6nberger\" \/>\n<meta property=\"article:modified_time\" content=\"2022-01-24T13:16:04+00:00\" \/>\n<meta name=\"twitter:card\" content=\"summary_large_image\" \/>\n<meta name=\"twitter:label1\" content=\"Gesch\u00e4tzte Lesezeit\" \/>\n\t<meta name=\"twitter:data1\" content=\"1\u00a0Minute\" \/>\n<script type=\"application\/ld+json\" class=\"yoast-schema-graph\">{\"@context\":\"https:\\\/\\\/schema.org\",\"@graph\":[{\"@type\":\"WebPage\",\"@id\":\"https:\\\/\\\/schoenberger-coaching.de\\\/home\\\/mediation-bei-konflikten\\\/\",\"url\":\"https:\\\/\\\/schoenberger-coaching.de\\\/home\\\/mediation-bei-konflikten\\\/\",\"name\":\"Mediation - Coachingpraxis Kristina Sch\u00f6nberger\",\"isPartOf\":{\"@id\":\"https:\\\/\\\/schoenberger-coaching.de\\\/home\\\/#website\"},\"datePublished\":\"2022-01-24T13:14:37+00:00\",\"dateModified\":\"2022-01-24T13:16:04+00:00\",\"breadcrumb\":{\"@id\":\"https:\\\/\\\/schoenberger-coaching.de\\\/home\\\/mediation-bei-konflikten\\\/#breadcrumb\"},\"inLanguage\":\"de\",\"potentialAction\":[{\"@type\":\"ReadAction\",\"target\":[\"https:\\\/\\\/schoenberger-coaching.de\\\/home\\\/mediation-bei-konflikten\\\/\"]}]},{\"@type\":\"BreadcrumbList\",\"@id\":\"https:\\\/\\\/schoenberger-coaching.de\\\/home\\\/mediation-bei-konflikten\\\/#breadcrumb\",\"itemListElement\":[{\"@type\":\"ListItem\",\"position\":1,\"name\":\"Startseite\",\"item\":\"https:\\\/\\\/schoenberger-coaching.de\\\/home\\\/\"},{\"@type\":\"ListItem\",\"position\":2,\"name\":\"Mediation\"}]},{\"@type\":\"WebSite\",\"@id\":\"https:\\\/\\\/schoenberger-coaching.de\\\/home\\\/#website\",\"url\":\"https:\\\/\\\/schoenberger-coaching.de\\\/home\\\/\",\"name\":\"Coachingpraxis Kristina Sch\u00f6nberger\",\"description\":\"Coaching, Paarberatung, Mediation, Seminare\",\"publisher\":{\"@id\":\"https:\\\/\\\/schoenberger-coaching.de\\\/home\\\/#\\\/schema\\\/person\\\/5ec18b20c82f996a5877e34b61131e53\"},\"potentialAction\":[{\"@type\":\"SearchAction\",\"target\":{\"@type\":\"EntryPoint\",\"urlTemplate\":\"https:\\\/\\\/schoenberger-coaching.de\\\/home\\\/?s={search_term_string}\"},\"query-input\":{\"@type\":\"PropertyValueSpecification\",\"valueRequired\":true,\"valueName\":\"search_term_string\"}}],\"inLanguage\":\"de\"},{\"@type\":[\"Person\",\"Organization\"],\"@id\":\"https:\\\/\\\/schoenberger-coaching.de\\\/home\\\/#\\\/schema\\\/person\\\/5ec18b20c82f996a5877e34b61131e53\",\"name\":\"Schoenberger\",\"image\":{\"@type\":\"ImageObject\",\"inLanguage\":\"de\",\"@id\":\"https:\\\/\\\/schoenberger-coaching.de\\\/wp-content\\\/uploads\\\/2020\\\/06\\\/logo_neu_coaching-e1593607998877.jpg\",\"url\":\"https:\\\/\\\/schoenberger-coaching.de\\\/wp-content\\\/uploads\\\/2020\\\/06\\\/logo_neu_coaching-e1593607998877.jpg\",\"contentUrl\":\"https:\\\/\\\/schoenberger-coaching.de\\\/wp-content\\\/uploads\\\/2020\\\/06\\\/logo_neu_coaching-e1593607998877.jpg\",\"width\":300,\"height\":89,\"caption\":\"Schoenberger\"},\"logo\":{\"@id\":\"https:\\\/\\\/schoenberger-coaching.de\\\/wp-content\\\/uploads\\\/2020\\\/06\\\/logo_neu_coaching-e1593607998877.jpg\"}}]}<\/script>\n<!-- \/ Yoast SEO plugin. -->","yoast_head_json":{"title":"Mediation - Coachingpraxis Kristina Sch\u00f6nberger","robots":{"index":"index","follow":"follow","max-snippet":"max-snippet:-1","max-image-preview":"max-image-preview:large","max-video-preview":"max-video-preview:-1"},"canonical":"https:\/\/schoenberger-coaching.de\/home\/mediation-bei-konflikten\/","og_locale":"de_DE","og_type":"article","og_title":"Mediation - Coachingpraxis Kristina Sch\u00f6nberger","og_description":"Mediation bei Konflikten Mediation &#8211; eine tolle Methode zur Konfliktkl\u00e4rung und -l\u00f6sung Konflikte sind menschlich. Die Mediation ist ein strukturiertes Verfahren, dass Sie davor bewahrt, in Konflikten gerichtliche Hilfe in ...","og_url":"https:\/\/schoenberger-coaching.de\/home\/mediation-bei-konflikten\/","og_site_name":"Coachingpraxis Kristina Sch\u00f6nberger","article_modified_time":"2022-01-24T13:16:04+00:00","twitter_card":"summary_large_image","twitter_misc":{"Gesch\u00e4tzte Lesezeit":"1\u00a0Minute"},"schema":{"@context":"https:\/\/schema.org","@graph":[{"@type":"WebPage","@id":"https:\/\/schoenberger-coaching.de\/home\/mediation-bei-konflikten\/","url":"https:\/\/schoenberger-coaching.de\/home\/mediation-bei-konflikten\/","name":"Mediation - Coachingpraxis Kristina Sch\u00f6nberger","isPartOf":{"@id":"https:\/\/schoenberger-coaching.de\/home\/#website"},"datePublished":"2022-01-24T13:14:37+00:00","dateModified":"2022-01-24T13:16:04+00:00","breadcrumb":{"@id":"https:\/\/schoenberger-coaching.de\/home\/mediation-bei-konflikten\/#breadcrumb"},"inLanguage":"de","potentialAction":[{"@type":"ReadAction","target":["https:\/\/schoenberger-coaching.de\/home\/mediation-bei-konflikten\/"]}]},{"@type":"BreadcrumbList","@id":"https:\/\/schoenberger-coaching.de\/home\/mediation-bei-konflikten\/#breadcrumb","itemListElement":[{"@type":"ListItem","position":1,"name":"Startseite","item":"https:\/\/schoenberger-coaching.de\/home\/"},{"@type":"ListItem","position":2,"name":"Mediation"}]},{"@type":"WebSite","@id":"https:\/\/schoenberger-coaching.de\/home\/#website","url":"https:\/\/schoenberger-coaching.de\/home\/","name":"Coachingpraxis Kristina Sch\u00f6nberger","description":"Coaching, Paarberatung, Mediation, Seminare","publisher":{"@id":"https:\/\/schoenberger-coaching.de\/home\/#\/schema\/person\/5ec18b20c82f996a5877e34b61131e53"},"potentialAction":[{"@type":"SearchAction","target":{"@type":"EntryPoint","urlTemplate":"https:\/\/schoenberger-coaching.de\/home\/?s={search_term_string}"},"query-input":{"@type":"PropertyValueSpecification","valueRequired":true,"valueName":"search_term_string"}}],"inLanguage":"de"},{"@type":["Person","Organization"],"@id":"https:\/\/schoenberger-coaching.de\/home\/#\/schema\/person\/5ec18b20c82f996a5877e34b61131e53","name":"Schoenberger","image":{"@type":"ImageObject","inLanguage":"de","@id":"https:\/\/schoenberger-coaching.de\/wp-content\/uploads\/2020\/06\/logo_neu_coaching-e1593607998877.jpg","url":"https:\/\/schoenberger-coaching.de\/wp-content\/uploads\/2020\/06\/logo_neu_coaching-e1593607998877.jpg","contentUrl":"https:\/\/schoenberger-coaching.de\/wp-content\/uploads\/2020\/06\/logo_neu_coaching-e1593607998877.jpg","width":300,"height":89,"caption":"Schoenberger"},"logo":{"@id":"https:\/\/schoenberger-coaching.de\/wp-content\/uploads\/2020\/06\/logo_neu_coaching-e1593607998877.jpg"}}]}},"_links":{"self":[{"href":"https:\/\/schoenberger-coaching.de\/home\/wp-json\/wp\/v2\/pages\/2186","targetHints":{"allow":["GET"]}}],"collection":[{"href":"https:\/\/schoenberger-coaching.de\/home\/wp-json\/wp\/v2\/pages"}],"about":[{"href":"https:\/\/schoenberger-coaching.de\/home\/wp-json\/wp\/v2\/types\/page"}],"author":[{"embeddable":true,"href":"https:\/\/schoenberger-coaching.de\/home\/wp-json\/wp\/v2\/users\/1"}],"replies":[{"embeddable":true,"href":"https:\/\/schoenberger-coaching.de\/home\/wp-json\/wp\/v2\/comments?post=2186"}],"version-history":[{"count":2,"href":"https:\/\/schoenberger-coaching.de\/home\/wp-json\/wp\/v2\/pages\/2186\/revisions"}],"predecessor-version":[{"id":2189,"href":"https:\/\/schoenberger-coaching.de\/home\/wp-json\/wp\/v2\/pages\/2186\/revisions\/2189"}],"wp:attachment":[{"href":"https:\/\/schoenberger-coaching.de\/home\/wp-json\/wp\/v2\/media?parent=2186"}],"curies":[{"name":"wp","href":"https:\/\/api.w.org\/{rel}","templated":true}]}}